{"version":"1.0","provider_name":"Liiveri","provider_url":"https:\/\/liiveri.net\/en","author_name":"Sanna Haapakoski","author_url":"https:\/\/liiveri.net\/en\/uutiset\/author\/sanna\/","title":"L\u00e4hiruokap\u00e4iv\u00e4n avajaistapahtuma ja Lasten maatalousn\u00e4yttely - Liiveri","type":"rich","width":600,"height":338,"html":"<blockquote class=\"wp-embedded-content\" data-secret=\"HAGPS3wHYF\"><a href=\"https:\/\/liiveri.net\/en\/tapahtuma\/lahiruokapaivan-avajaistapahtuma-ja-lasten-maatalousnayttely\/\">The opening event of Local Food Day and the Children&#039;s Agricultural Exhibition<\/a><\/blockquote><iframe sandbox=\"allow-scripts\" security=\"restricted\" src=\"https:\/\/liiveri.net\/en\/tapahtuma\/lahiruokapaivan-avajaistapahtuma-ja-lasten-maatalousnayttely\/embed\/#?secret=HAGPS3wHYF\" width=\"600\" height=\"338\" title=\"&quot;Local food day opening event and Children&#039;s agricultural exhibition&quot; \u2014 Liiveri\" data-secret=\"HAGPS3wHYF\" frameborder=\"0\" marginwidth=\"0\" marginheight=\"0\" scrolling=\"no\" class=\"wp-embedded-content\"><\/iframe><script>\n\/*! This file is auto-generated *\/\n!function(d,l){\"use strict\";l.querySelector&&d.addEventListener&&\"undefined\"!=typeof URL&&(d.wp=d.wp||{},d.wp.receiveEmbedMessage||(d.wp.receiveEmbedMessage=function(e){var t=e.data;if((t||t.secret||t.message||t.value)&&!\/[^a-zA-Z0-9]\/.test(t.secret)){for(var s,r,n,a=l.querySelectorAll('iframe[data-secret=\"'+t.secret+'\"]'),o=l.querySelectorAll('blockquote[data-secret=\"'+t.secret+'\"]'),c=new RegExp(\"^https?:$\",\"i\"),i=0;i<o.length;i++)o[i].style.display=\"none\";for(i=0;i<a.length;i++)s=a[i],e.source===s.contentWindow&&(s.removeAttribute(\"style\"),\"height\"===t.message?(1e3<(r=parseInt(t.value,10))?r=1e3:~~r<200&&(r=200),s.height=r):\"link\"===t.message&&(r=new URL(s.getAttribute(\"src\")),n=new URL(t.value),c.test(n.protocol))&&n.host===r.host&&l.activeElement===s&&(d.top.location.href=t.value))}},d.addEventListener(\"message\",d.wp.receiveEmbedMessage,!1),l.addEventListener(\"DOMContentLoaded\",function(){for(var e,t,s=l.querySelectorAll(\"iframe.wp-embedded-content\"),r=0;r<s.length;r++)(t=(e=s[r]).getAttribute(\"data-secret\"))||(t=Math.random().toString(36).substring(2,12),e.src+=\"#?secret=\"+t,e.setAttribute(\"data-secret\",t)),e.contentWindow.postMessage({message:\"ready\",secret:t},\"*\")},!1)))}(window,document);\n\/\/# sourceURL=https:\/\/liiveri.net\/wp-includes\/js\/wp-embed.min.js\n<\/script>","thumbnail_url":"https:\/\/liiveri.net\/wp-content\/uploads\/2024\/06\/Lahiruokapaiva-avajaistapahtuma-FB-982-x-600-px.jpg","thumbnail_width":982,"thumbnail_height":600,"description":"L\u00e4hiruokap\u00e4iv\u00e4n avajaistapahtuma j\u00e4rjestet\u00e4\u00e4n Jalasj\u00e4rvell\u00e4 Keskikyl\u00e4ss\u00e4 7.9.2024 klo 10\u201316. L\u00e4hiruokap\u00e4iv\u00e4n avajaiset j\u00e4rjestet\u00e4\u00e4n t\u00e4n\u00e4 vuonna yhdess\u00e4 Lasten maatalousn\u00e4yttelyn kanssa. Luvassa on entist\u00e4 enemm\u00e4n n\u00e4ht\u00e4v\u00e4\u00e4, koettavaa ja ostettavaa maalaismaisemassa. Tervetuloa L\u00e4hiruokap\u00e4iv\u00e4n avajaistapahtumaan Jalasj\u00e4rven Keskikyl\u00e4\u00e4n Kurikkaan, aivan valtatie 3. varteen, Juustoportin viereen. Syyskuisena lauantaina, 7.9. Keskikyl\u00e4ss\u00e4 on tarjolla runsas kattaus ruokaketjuun ja maaseutuun liittyvi\u00e4 el\u00e4myksi\u00e4. Herkullisen l\u00e4hiruoan lis\u00e4ksi voit [&hellip;]"}

Lähiruokapäivän avajaistapahtuma ja Lasten maatalousnäyttely - Liiveri

Lähiruokapäivän avajaistapahtuma järjestetään Jalasjärvellä Keskikylässä 7.9.2024 klo 10–16. Lähiruokapäivän avajaiset järjestetään tänä vuonna yhdessä Lasten maatalousnäyttelyn kanssa. Luvassa on entistä enemmän nähtävää, koettavaa ja ostettavaa maalaismaisemassa. Tervetuloa Lähiruokapäivän avajaistapahtumaan Jalasjärven Keskikylään Kurikkaan, aivan valtatie 3. varteen, Juustoportin viereen. Syyskuisena lauantaina, 7.9. Keskikylässä on tarjolla runsas kattaus ruokaketjuun ja maaseutuun liittyviä elämyksiä. Herkullisen lähiruoan lisäksi voit [&hellip;]
