{"version":"1.0","provider_name":"Liiveri","provider_url":"https:\/\/liiveri.net\/en","author_name":"Sanna Haapakoski","author_url":"https:\/\/liiveri.net\/en\/uutiset\/author\/sanna\/","title":"Ilmoittaudu L\u00e4hiruokap\u00e4iv\u00e4n j\u00e4rjest\u00e4j\u00e4ksi - Liiveri","type":"rich","width":600,"height":338,"html":"<blockquote class=\"wp-embedded-content\" data-secret=\"hZNNzFIZMG\"><a href=\"https:\/\/liiveri.net\/en\/uutiset\/ilmoittaudu-lahiruokapaivan-jarjestajaksi\/\">Sign up as an organizer of Local Food Day<\/a><\/blockquote><iframe sandbox=\"allow-scripts\" security=\"restricted\" src=\"https:\/\/liiveri.net\/en\/uutiset\/ilmoittaudu-lahiruokapaivan-jarjestajaksi\/embed\/#?secret=hZNNzFIZMG\" width=\"600\" height=\"338\" title=\"&quot;Sign up to be an organizer of Local Food Day&quot; \u2014 Liiveri\" data-secret=\"hZNNzFIZMG\" frameborder=\"0\" marginwidth=\"0\" marginheight=\"0\" scrolling=\"no\" class=\"wp-embedded-content\"><\/iframe><script>\n\/*! This file is auto-generated *\/\n!function(d,l){\"use strict\";l.querySelector&&d.addEventListener&&\"undefined\"!=typeof URL&&(d.wp=d.wp||{},d.wp.receiveEmbedMessage||(d.wp.receiveEmbedMessage=function(e){var t=e.data;if((t||t.secret||t.message||t.value)&&!\/[^a-zA-Z0-9]\/.test(t.secret)){for(var s,r,n,a=l.querySelectorAll('iframe[data-secret=\"'+t.secret+'\"]'),o=l.querySelectorAll('blockquote[data-secret=\"'+t.secret+'\"]'),c=new RegExp(\"^https?:$\",\"i\"),i=0;i<o.length;i++)o[i].style.display=\"none\";for(i=0;i<a.length;i++)s=a[i],e.source===s.contentWindow&&(s.removeAttribute(\"style\"),\"height\"===t.message?(1e3<(r=parseInt(t.value,10))?r=1e3:~~r<200&&(r=200),s.height=r):\"link\"===t.message&&(r=new URL(s.getAttribute(\"src\")),n=new URL(t.value),c.test(n.protocol))&&n.host===r.host&&l.activeElement===s&&(d.top.location.href=t.value))}},d.addEventListener(\"message\",d.wp.receiveEmbedMessage,!1),l.addEventListener(\"DOMContentLoaded\",function(){for(var e,t,s=l.querySelectorAll(\"iframe.wp-embedded-content\"),r=0;r<s.length;r++)(t=(e=s[r]).getAttribute(\"data-secret\"))||(t=Math.random().toString(36).substring(2,12),e.src+=\"#?secret=\"+t,e.setAttribute(\"data-secret\",t)),e.contentWindow.postMessage({message:\"ready\",secret:t},\"*\")},!1)))}(window,document);\n\/\/# sourceURL=https:\/\/liiveri.net\/wp-includes\/js\/wp-embed.min.js\n<\/script>","thumbnail_url":"https:\/\/liiveri.net\/wp-content\/uploads\/2024\/08\/Lahiruokapaiva-1-1.jpg","thumbnail_width":1200,"thumbnail_height":630,"description":"Ilmoittaudu L\u00e4hiruokap\u00e4iv\u00e4n j\u00e4rjest\u00e4j\u00e4ksi \u2013 tehd\u00e4\u00e4n yhdess\u00e4 Etel\u00e4-Pojanmaan maaseudulle vierailijaenn\u00e4tys! &nbsp; L\u00e4hiruokap\u00e4iv\u00e4 on valtakunnallinen tapahtuma, jonka tarkoituksena on tuoda maaseutua ja l\u00e4hiruokaa tutuksi kaikelle kansalle. T\u00e4n\u00e4 vuonna L\u00e4hiruokap\u00e4iv\u00e4\u00e4 vietet\u00e4\u00e4n kaksi p\u00e4iv\u00e4\u00e4. J\u00e4rjest\u00e4j\u00e4t pit\u00e4v\u00e4t ovensa auki vieraille lauantaina 7.9 ja halutessaan my\u00f6s sunnuntaina 8.9. J\u00e4rjest\u00e4j\u00e4ksi voivat ilmoittautua tuottajat, tilat, puutarhat, palvelut, yritt\u00e4j\u00e4t ja jatkojalostajat, jotka toimivat l\u00e4hiruoan [&hellip;]"}

Ilmoittaudu Lähiruokapäivän järjestäjäksi - Liiveri

Ilmoittaudu Lähiruokapäivän järjestäjäksi – tehdään yhdessä Etelä-Pojanmaan maaseudulle vierailijaennätys! &nbsp; Lähiruokapäivä on valtakunnallinen tapahtuma, jonka tarkoituksena on tuoda maaseutua ja lähiruokaa tutuksi kaikelle kansalle. Tänä vuonna Lähiruokapäivää vietetään kaksi päivää. Järjestäjät pitävät ovensa auki vieraille lauantaina 7.9 ja halutessaan myös sunnuntaina 8.9. Järjestäjäksi voivat ilmoittautua tuottajat, tilat, puutarhat, palvelut, yrittäjät ja jatkojalostajat, jotka toimivat lähiruoan [&hellip;]
