{"version":"1.0","provider_name":"Liiveri","provider_url":"https:\/\/liiveri.net\/en","author_name":"Admin","author_url":"https:\/\/liiveri.net\/en\/uutiset\/author\/admin\/","title":"Kulttuuripy\u00f6r\u00e4ily tulee taas! - Liiveri","type":"rich","width":600,"height":338,"html":"<blockquote class=\"wp-embedded-content\" data-secret=\"EAxsmCTaTq\"><a href=\"https:\/\/liiveri.net\/en\/uutiset\/kulttuuripyoraily-tulee-taas-2\/\">Cultural cycling is coming again!<\/a><\/blockquote><iframe sandbox=\"allow-scripts\" security=\"restricted\" src=\"https:\/\/liiveri.net\/en\/uutiset\/kulttuuripyoraily-tulee-taas-2\/embed\/#?secret=EAxsmCTaTq\" width=\"600\" height=\"338\" title=\"&#8220;Kulttuuripy\u00f6r\u00e4ily tulee taas!&#8221; &#8212; Liiveri\" data-secret=\"EAxsmCTaTq\" frameborder=\"0\" marginwidth=\"0\" marginheight=\"0\" scrolling=\"no\" class=\"wp-embedded-content\"><\/iframe><script>\n\/*! This file is auto-generated *\/\n!function(d,l){\"use strict\";l.querySelector&&d.addEventListener&&\"undefined\"!=typeof URL&&(d.wp=d.wp||{},d.wp.receiveEmbedMessage||(d.wp.receiveEmbedMessage=function(e){var t=e.data;if((t||t.secret||t.message||t.value)&&!\/[^a-zA-Z0-9]\/.test(t.secret)){for(var s,r,n,a=l.querySelectorAll('iframe[data-secret=\"'+t.secret+'\"]'),o=l.querySelectorAll('blockquote[data-secret=\"'+t.secret+'\"]'),c=new RegExp(\"^https?:$\",\"i\"),i=0;i<o.length;i++)o[i].style.display=\"none\";for(i=0;i<a.length;i++)s=a[i],e.source===s.contentWindow&&(s.removeAttribute(\"style\"),\"height\"===t.message?(1e3<(r=parseInt(t.value,10))?r=1e3:~~r<200&&(r=200),s.height=r):\"link\"===t.message&&(r=new URL(s.getAttribute(\"src\")),n=new URL(t.value),c.test(n.protocol))&&n.host===r.host&&l.activeElement===s&&(d.top.location.href=t.value))}},d.addEventListener(\"message\",d.wp.receiveEmbedMessage,!1),l.addEventListener(\"DOMContentLoaded\",function(){for(var e,t,s=l.querySelectorAll(\"iframe.wp-embedded-content\"),r=0;r<s.length;r++)(t=(e=s[r]).getAttribute(\"data-secret\"))||(t=Math.random().toString(36).substring(2,12),e.src+=\"#?secret=\"+t,e.setAttribute(\"data-secret\",t)),e.contentWindow.postMessage({message:\"ready\",secret:t},\"*\")},!1)))}(window,document);\n\/\/# sourceURL=https:\/\/liiveri.net\/wp-includes\/js\/wp-embed.min.js\n<\/script>","thumbnail_url":"https:\/\/liiveri.net\/wp-content\/uploads\/2023\/02\/seitseman-sillan-kulttuuripyoraily-2019.jpg","thumbnail_width":600,"thumbnail_height":325,"description":"Viime vuonna j\u00e4rjestetty ja heti suuren suosion saavuttanut Seitsem\u00e4n sillan kulttuuripy\u00f6r\u00e4ily j\u00e4rjestet\u00e4\u00e4n uudelleen tulevana kes\u00e4n\u00e4 lauantaina 10.8. klo 11-15. Reitti esittelee em\u00e4pit\u00e4j\u00e4n rikasta kulttuuriperint\u00f6\u00e4 kulkien pitkin Kyr\u00f6njoen vartta ylitt\u00e4en sen seitsem\u00e4st\u00e4 kohtaa. P\u00e4iv\u00e4n aikana on avoimet ovet muun muassa museoissa, kirkon tapulissa sek\u00e4 yrityksiss\u00e4. Lis\u00e4ksi reitill\u00e4 on oppaita kertomassa muistomerkkeihin liittyvi\u00e4 tarinoita ja historiaa. T\u00e4n\u00e4 [&hellip;]"}

Kulttuuripyöräily tulee taas! - Liiveri

<blockquote class="wp-embedded-content" data-secret="EAxsmCTaTq"><a href="https://liiveri.net/en/uutiset/kulttuuripyoraily-tulee-taas-2/">Cultural cycling is coming again!</a></blockquote><iframe sandbox="allow-scripts" security="restricted" src="https://liiveri.net/en/uutiset/kulttuuripyoraily-tulee-taas-2/embed/#?secret=EAxsmCTaTq" width="600" height="338" title="&#8220;Kulttuuripyöräily tulee taas!&#8221; &#8212; Liiveri" data-secret="EAxsmCTaTq" frameborder="0" marginwidth="0" marginheight="0" scrolling="no" class="wp-embedded-content"></iframe><script>
/*! This file is auto-generated */
!function(d,l){"use strict";l.querySelector&&d.addEventListener&&"undefined"!=typeof URL&&(d.wp=d.wp||{},d.wp.receiveEmbedMessage||(d.wp.receiveEmbedMessage=function(e){var t=e.data;if((t||t.secret||t.message||t.value)&&!/[^a-zA-Z0-9]/.test(t.secret)){for(var s,r,n,a=l.querySelectorAll('iframe[data-secret="'+t.secret+'"]'),o=l.querySelectorAll('blockquote[data-secret="'+t.secret+'"]'),c=new RegExp("^https?:$","i"),i=0;i<o.length;i++)o[i].style.display="none";for(i=0;i<a.length;i++)s=a[i],e.source===s.contentWindow&&(s.removeAttribute("style"),"height"===t.message?(1e3<(r=parseInt(t.value,10))?r=1e3:~~r<200&&(r=200),s.height=r):"link"===t.message&&(r=new URL(s.getAttribute("src")),n=new URL(t.value),c.test(n.protocol))&&n.host===r.host&&l.activeElement===s&&(d.top.location.href=t.value))}},d.addEventListener("message",d.wp.receiveEmbedMessage,!1),l.addEventListener("DOMContentLoaded",function(){for(var e,t,s=l.querySelectorAll("iframe.wp-embedded-content"),r=0;r<s.length;r++)(t=(e=s[r]).getAttribute("data-secret"))||(t=Math.random().toString(36).substring(2,12),e.src+="#?secret="+t,e.setAttribute("data-secret",t)),e.contentWindow.postMessage({message:"ready",secret:t},"*")},!1)))}(window,document);
//# sourceURL=https://liiveri.net/wp-includes/js/wp-embed.min.js
</script>

Viime vuonna järjestetty ja heti suuren suosion saavuttanut Seitsemän sillan kulttuuripyöräily järjestetään uudelleen tulevana kesänä lauantaina 10.8. klo 11-15. Reitti esittelee emäpitäjän rikasta kulttuuriperintöä kulkien pitkin Kyrönjoen vartta ylittäen sen seitsemästä kohtaa. Päivän aikana on avoimet ovet muun muassa museoissa, kirkon tapulissa sekä yrityksissä. Lisäksi reitillä on oppaita kertomassa muistomerkkeihin liittyviä tarinoita ja historiaa. Tänä [&hellip;]
