{"version":"1.0","provider_name":"Liiveri","provider_url":"https:\/\/liiveri.net\/en","author_name":"Admin","author_url":"https:\/\/liiveri.net\/en\/uutiset\/author\/admin\/","title":"Ymp\u00e4rist\u00f6taidety\u00f6pajat kiritt\u00e4m\u00e4ss\u00e4 kyl\u00e4n muutakin toimintaa - Liiveri","type":"rich","width":600,"height":338,"html":"<blockquote class=\"wp-embedded-content\" data-secret=\"fcPX1Phydl\"><a href=\"https:\/\/liiveri.net\/en\/uutiset\/ymparistotaidetyopajat-kirittamassa-kylan-muutakin-toimintaa-2\/\">Environmental art workshops are also intensifying other activities in the village<\/a><\/blockquote><iframe sandbox=\"allow-scripts\" security=\"restricted\" src=\"https:\/\/liiveri.net\/en\/uutiset\/ymparistotaidetyopajat-kirittamassa-kylan-muutakin-toimintaa-2\/embed\/#?secret=fcPX1Phydl\" width=\"600\" height=\"338\" title=\"&#8220;Ymp\u00e4rist\u00f6taidety\u00f6pajat kiritt\u00e4m\u00e4ss\u00e4 kyl\u00e4n muutakin toimintaa&#8221; &#8212; Liiveri\" data-secret=\"fcPX1Phydl\" frameborder=\"0\" marginwidth=\"0\" marginheight=\"0\" scrolling=\"no\" class=\"wp-embedded-content\"><\/iframe><script>\n\/*! This file is auto-generated *\/\n!function(d,l){\"use strict\";l.querySelector&&d.addEventListener&&\"undefined\"!=typeof URL&&(d.wp=d.wp||{},d.wp.receiveEmbedMessage||(d.wp.receiveEmbedMessage=function(e){var t=e.data;if((t||t.secret||t.message||t.value)&&!\/[^a-zA-Z0-9]\/.test(t.secret)){for(var s,r,n,a=l.querySelectorAll('iframe[data-secret=\"'+t.secret+'\"]'),o=l.querySelectorAll('blockquote[data-secret=\"'+t.secret+'\"]'),c=new RegExp(\"^https?:$\",\"i\"),i=0;i<o.length;i++)o[i].style.display=\"none\";for(i=0;i<a.length;i++)s=a[i],e.source===s.contentWindow&&(s.removeAttribute(\"style\"),\"height\"===t.message?(1e3<(r=parseInt(t.value,10))?r=1e3:~~r<200&&(r=200),s.height=r):\"link\"===t.message&&(r=new URL(s.getAttribute(\"src\")),n=new URL(t.value),c.test(n.protocol))&&n.host===r.host&&l.activeElement===s&&(d.top.location.href=t.value))}},d.addEventListener(\"message\",d.wp.receiveEmbedMessage,!1),l.addEventListener(\"DOMContentLoaded\",function(){for(var e,t,s=l.querySelectorAll(\"iframe.wp-embedded-content\"),r=0;r<s.length;r++)(t=(e=s[r]).getAttribute(\"data-secret\"))||(t=Math.random().toString(36).substring(2,12),e.src+=\"#?secret=\"+t,e.setAttribute(\"data-secret\",t)),e.contentWindow.postMessage({message:\"ready\",secret:t},\"*\")},!1)))}(window,document);\n\/\/# sourceURL=https:\/\/liiveri.net\/wp-includes\/js\/wp-embed.min.js\n<\/script>","thumbnail_url":"https:\/\/liiveri.net\/wp-content\/uploads\/2023\/02\/Keskikyla-1.jpg","thumbnail_width":1440,"thumbnail_height":1080,"description":"&rdquo;Aina kun kyl&auml;lle tuodaan jotain uudenlaista, vie se alueen muutakin toimintaa eteenp&auml;in&rdquo;, toteaa Sirkka Pakkala Jalasj&auml;rven Keskikyl&auml;ll&auml; taidety&ouml;pajojen melskeess&auml;. Keskikyl&auml;n Harjulassa on elokuun ajan ty&ouml;stetty yhteis&ouml;llist&auml; ymp&auml;rist&ouml;taidetta. Taidety&ouml;pajat ovat ker&auml;nneet kyl&auml;l&auml;iset ideoimaan ja haastamaan osaamisensa uudella tavalla. Ty&ouml;pajoissa on muotoiltu pajua, sorvattu ja veistetty moottorisahalla ja mietitty k&auml;yt&ouml;st&auml; poistetuille koulutuolelille uusia k&auml;ytt&ouml;tapoja. Meid&auml;n markki -hankkeen [&hellip;]"}

Ympäristötaidetyöpajat kirittämässä kylän muutakin toimintaa - Liiveri

<blockquote class="wp-embedded-content" data-secret="fcPX1Phydl"><a href="https://liiveri.net/en/uutiset/ymparistotaidetyopajat-kirittamassa-kylan-muutakin-toimintaa-2/">Environmental art workshops are also intensifying other activities in the village</a></blockquote><iframe sandbox="allow-scripts" security="restricted" src="https://liiveri.net/en/uutiset/ymparistotaidetyopajat-kirittamassa-kylan-muutakin-toimintaa-2/embed/#?secret=fcPX1Phydl" width="600" height="338" title="&#8220;Ympäristötaidetyöpajat kirittämässä kylän muutakin toimintaa&#8221; &#8212; Liiveri" data-secret="fcPX1Phydl" frameborder="0" marginwidth="0" marginheight="0" scrolling="no" class="wp-embedded-content"></iframe><script>
/*! This file is auto-generated */
!function(d,l){"use strict";l.querySelector&&d.addEventListener&&"undefined"!=typeof URL&&(d.wp=d.wp||{},d.wp.receiveEmbedMessage||(d.wp.receiveEmbedMessage=function(e){var t=e.data;if((t||t.secret||t.message||t.value)&&!/[^a-zA-Z0-9]/.test(t.secret)){for(var s,r,n,a=l.querySelectorAll('iframe[data-secret="'+t.secret+'"]'),o=l.querySelectorAll('blockquote[data-secret="'+t.secret+'"]'),c=new RegExp("^https?:$","i"),i=0;i<o.length;i++)o[i].style.display="none";for(i=0;i<a.length;i++)s=a[i],e.source===s.contentWindow&&(s.removeAttribute("style"),"height"===t.message?(1e3<(r=parseInt(t.value,10))?r=1e3:~~r<200&&(r=200),s.height=r):"link"===t.message&&(r=new URL(s.getAttribute("src")),n=new URL(t.value),c.test(n.protocol))&&n.host===r.host&&l.activeElement===s&&(d.top.location.href=t.value))}},d.addEventListener("message",d.wp.receiveEmbedMessage,!1),l.addEventListener("DOMContentLoaded",function(){for(var e,t,s=l.querySelectorAll("iframe.wp-embedded-content"),r=0;r<s.length;r++)(t=(e=s[r]).getAttribute("data-secret"))||(t=Math.random().toString(36).substring(2,12),e.src+="#?secret="+t,e.setAttribute("data-secret",t)),e.contentWindow.postMessage({message:"ready",secret:t},"*")},!1)))}(window,document);
//# sourceURL=https://liiveri.net/wp-includes/js/wp-embed.min.js
</script>
