{"id":9452,"date":"2023-06-15T09:33:35","date_gmt":"2023-06-15T06:33:35","guid":{"rendered":"https:\/\/liiveri.net\/?post_type=juhlatalot&#038;p=9452"},"modified":"2023-08-25T12:25:20","modified_gmt":"2023-08-25T09:25:20","slug":"nopankylan-kylatalo","status":"publish","type":"juhlatalot","link":"https:\/\/liiveri.net\/en\/juhlatalot\/nopankylan-kylatalo\/","title":{"rendered":"Nopankyl\u00e4n kyl\u00e4talo"},"content":{"rendered":"<h2>General presentation<\/h2>\n<p>The village house is located <a href=\"https:\/\/liiveri.net\/en\/kylat\/kylaesittelyt\/nopankyla\/\" target=\"_blank\" rel=\"noopener\">Nopankyl\u00e4n<\/a> in the middle, 17 km from Kurika or Ilmajoki at the Jurvantie intersection. The village hall is a suitable place for small gatherings and parties. In the summer, a kiosk is held at the village hall.<\/p>\n<h2>Space capacity<\/h2>\n<p>Gatherings of less than 50 people.<\/p>\n<h2>Use of the house in summer\/winter time<\/h2>\n<p>In use all year round, in the summer time a large terrace and an outbuilding are used.<\/p>\n<h2>Kitchen equipment<\/h2>\n<p>Traditional home kitchen.<\/p>\n<h2>Set<\/h2>\n<p>Coffee tableware 80 pieces and food tableware 150 pieces (to be rented separately).<\/p>\n<h2>Possibility to rent part of the space for smaller use<\/h2>\n<p>One hall.<\/p>\n<h2>Accommodation available<\/h2>\n<p>No accommodation available.<\/p>\n<h2>Other equipment<\/h2>\n<p>Wireless network connection, screen, good parking space behind the outbuilding, disabled toilet and regular toilet, wheelchair ramps, pacemaker.<\/p>\n<h2>Remote working use<\/h2>\n<p>Not available for remote working.<\/p>\n<p>&nbsp;<\/p>\n<p><em>Updated June 15, 2023.<\/em><\/p>","protected":false},"author":17,"featured_media":0,"template":"","meta":{"_acf_changed":false},"paikkakunta":[16],"tyyppi":[40,41,42],"class_list":["post-9452","juhlatalot","type-juhlatalot","status-publish","hentry","paikkakunta-ilmajoki","tyyppi-alle-50-henkea","tyyppi-kokoustila","tyyppi-juhlatila"],"yoast_head":"<!-- This site is optimized with the Yoast SEO plugin v23.3 - https:\/\/yoast.com\/wordpress\/plugins\/seo\/ -->\n<title>Nopankyl\u00e4n kyl\u00e4talo - Liiveri<\/title>\n<meta name=\"description\" content=\"Nopankyl\u00e4n kyl\u00e4talo tarjoaa mukavat kokous- ja juhlatilat alle 50 hengen kokoontumisiin, kes\u00e4ll\u00e4 juhlapaikkaa laajentaa iso ulkoterassi.\" \/>\n<meta name=\"robots\" content=\"index, follow, max-snippet:-1, max-image-preview:large, max-video-preview:-1\" \/>\n<link rel=\"canonical\" href=\"https:\/\/liiveri.net\/en\/juhlatalot\/nopankylan-kylatalo\/\" \/>\n<meta property=\"og:locale\" content=\"en_GB\" \/>\n<meta property=\"og:type\" content=\"article\" \/>\n<meta property=\"og:title\" content=\"Nopankyl\u00e4n kyl\u00e4talo - Liiveri\" \/>\n<meta property=\"og:description\" content=\"Nopankyl\u00e4n kyl\u00e4talo tarjoaa mukavat kokous- ja juhlatilat alle 50 hengen kokoontumisiin, kes\u00e4ll\u00e4 juhlapaikkaa laajentaa iso ulkoterassi.\" \/>\n<meta property=\"og:url\" content=\"https:\/\/liiveri.net\/en\/juhlatalot\/nopankylan-kylatalo\/\" \/>\n<meta property=\"og:site_name\" content=\"Liiveri\" \/>\n<meta property=\"article:publisher\" content=\"https:\/\/www.facebook.com\/LeaderLiiveri\" \/>\n<meta property=\"article:modified_time\" content=\"2023-08-25T09:25:20+00:00\" \/>\n<meta property=\"og:image\" content=\"https:\/\/liiveri.net\/wp-content\/uploads\/2023\/08\/nopankyla.png\" \/>\n\t<meta property=\"og:image:width\" content=\"820\" \/>\n\t<meta property=\"og:image:height\" content=\"360\" \/>\n\t<meta property=\"og:image:type\" content=\"image\/png\" \/>\n<meta name=\"twitter:card\" content=\"summary_large_image\" \/>\n<meta name=\"twitter:image\" content=\"https:\/\/liiveri.net\/wp-content\/uploads\/2023\/08\/nopankyla.png\" \/>\n<meta name=\"twitter:site\" content=\"@LeaderLiiveri\" \/>\n<meta name=\"twitter:label1\" content=\"Estimated reading time\" \/>\n\t<meta name=\"twitter:data1\" content=\"1 minute\" \/>\n<script type=\"application\/ld+json\" class=\"yoast-schema-graph\">{\"@context\":\"https:\/\/schema.org\",\"@graph\":[{\"@type\":\"WebPage\",\"@id\":\"https:\/\/liiveri.net\/juhlatalot\/nopankylan-kylatalo\/\",\"url\":\"https:\/\/liiveri.net\/juhlatalot\/nopankylan-kylatalo\/\",\"name\":\"Nopankyl\u00e4n kyl\u00e4talo - Liiveri\",\"isPartOf\":{\"@id\":\"https:\/\/liiveri.net\/#website\"},\"datePublished\":\"2023-06-15T06:33:35+00:00\",\"dateModified\":\"2023-08-25T09:25:20+00:00\",\"description\":\"Nopankyl\u00e4n kyl\u00e4talo tarjoaa mukavat kokous- ja juhlatilat alle 50 hengen kokoontumisiin, kes\u00e4ll\u00e4 juhlapaikkaa laajentaa iso ulkoterassi.\",\"breadcrumb\":{\"@id\":\"https:\/\/liiveri.net\/juhlatalot\/nopankylan-kylatalo\/#breadcrumb\"},\"inLanguage\":\"en-GB\",\"potentialAction\":[{\"@type\":\"ReadAction\",\"target\":[\"https:\/\/liiveri.net\/juhlatalot\/nopankylan-kylatalo\/\"]}]},{\"@type\":\"BreadcrumbList\",\"@id\":\"https:\/\/liiveri.net\/juhlatalot\/nopankylan-kylatalo\/#breadcrumb\",\"itemListElement\":[{\"@type\":\"ListItem\",\"position\":1,\"name\":\"Etusivu\",\"item\":\"https:\/\/liiveri.net\/\"},{\"@type\":\"ListItem\",\"position\":2,\"name\":\"Nopankyl\u00e4n kyl\u00e4talo\"}]},{\"@type\":\"WebSite\",\"@id\":\"https:\/\/liiveri.net\/#website\",\"url\":\"https:\/\/liiveri.net\/\",\"name\":\"Liiveri - Kehitt\u00e4misyhdistys\",\"description\":\"REILU RAHOITTAJA PALVELUKSESSASI\",\"publisher\":{\"@id\":\"https:\/\/liiveri.net\/#organization\"},\"potentialAction\":[{\"@type\":\"SearchAction\",\"target\":{\"@type\":\"EntryPoint\",\"urlTemplate\":\"https:\/\/liiveri.net\/?s={search_term_string}\"},\"query-input\":\"required name=search_term_string\"}],\"inLanguage\":\"en-GB\"},{\"@type\":\"Organization\",\"@id\":\"https:\/\/liiveri.net\/#organization\",\"name\":\"Kehitt\u00e4misyhdistys Liiveri ry\",\"url\":\"https:\/\/liiveri.net\/\",\"logo\":{\"@type\":\"ImageObject\",\"inLanguage\":\"en-GB\",\"@id\":\"https:\/\/liiveri.net\/#\/schema\/logo\/image\/\",\"url\":\"https:\/\/liiveri.net\/wp-content\/uploads\/2023\/02\/placeholder.png\",\"contentUrl\":\"https:\/\/liiveri.net\/wp-content\/uploads\/2023\/02\/placeholder.png\",\"width\":1920,\"height\":1080,\"caption\":\"Kehitt\u00e4misyhdistys Liiveri ry\"},\"image\":{\"@id\":\"https:\/\/liiveri.net\/#\/schema\/logo\/image\/\"},\"sameAs\":[\"https:\/\/www.facebook.com\/LeaderLiiveri\",\"https:\/\/x.com\/LeaderLiiveri\",\"https:\/\/www.instagram.com\/leaderliiveri\/\"]}]}<\/script>\n<!-- \/ Yoast SEO plugin. -->","yoast_head_json":{"title":"Nopankyl\u00e4n kyl\u00e4talo - Liiveri","description":"Nopankyl\u00e4n kyl\u00e4talo tarjoaa mukavat kokous- ja juhlatilat alle 50 hengen kokoontumisiin, kes\u00e4ll\u00e4 juhlapaikkaa laajentaa iso ulkoterassi.","robots":{"index":"index","follow":"follow","max-snippet":"max-snippet:-1","max-image-preview":"max-image-preview:large","max-video-preview":"max-video-preview:-1"},"canonical":"https:\/\/liiveri.net\/en\/juhlatalot\/nopankylan-kylatalo\/","og_locale":"en_GB","og_type":"article","og_title":"Nopankyl\u00e4n kyl\u00e4talo - Liiveri","og_description":"Nopankyl\u00e4n kyl\u00e4talo tarjoaa mukavat kokous- ja juhlatilat alle 50 hengen kokoontumisiin, kes\u00e4ll\u00e4 juhlapaikkaa laajentaa iso ulkoterassi.","og_url":"https:\/\/liiveri.net\/en\/juhlatalot\/nopankylan-kylatalo\/","og_site_name":"Liiveri","article_publisher":"https:\/\/www.facebook.com\/LeaderLiiveri","article_modified_time":"2023-08-25T09:25:20+00:00","og_image":[{"width":820,"height":360,"url":"https:\/\/liiveri.net\/wp-content\/uploads\/2023\/08\/nopankyla.png","type":"image\/png"}],"twitter_card":"summary_large_image","twitter_image":"https:\/\/liiveri.net\/wp-content\/uploads\/2023\/08\/nopankyla.png","twitter_site":"@LeaderLiiveri","twitter_misc":{"Estimated reading time":"1 minute"},"schema":{"@context":"https:\/\/schema.org","@graph":[{"@type":"WebPage","@id":"https:\/\/liiveri.net\/juhlatalot\/nopankylan-kylatalo\/","url":"https:\/\/liiveri.net\/juhlatalot\/nopankylan-kylatalo\/","name":"Nopankyl\u00e4n kyl\u00e4talo - Liiveri","isPartOf":{"@id":"https:\/\/liiveri.net\/#website"},"datePublished":"2023-06-15T06:33:35+00:00","dateModified":"2023-08-25T09:25:20+00:00","description":"Nopankyl\u00e4n kyl\u00e4talo tarjoaa mukavat kokous- ja juhlatilat alle 50 hengen kokoontumisiin, kes\u00e4ll\u00e4 juhlapaikkaa laajentaa iso ulkoterassi.","breadcrumb":{"@id":"https:\/\/liiveri.net\/juhlatalot\/nopankylan-kylatalo\/#breadcrumb"},"inLanguage":"en-GB","potentialAction":[{"@type":"ReadAction","target":["https:\/\/liiveri.net\/juhlatalot\/nopankylan-kylatalo\/"]}]},{"@type":"BreadcrumbList","@id":"https:\/\/liiveri.net\/juhlatalot\/nopankylan-kylatalo\/#breadcrumb","itemListElement":[{"@type":"ListItem","position":1,"name":"Etusivu","item":"https:\/\/liiveri.net\/"},{"@type":"ListItem","position":2,"name":"Nopankyl\u00e4n kyl\u00e4talo"}]},{"@type":"WebSite","@id":"https:\/\/liiveri.net\/#website","url":"https:\/\/liiveri.net\/","name":"Liiveri - Kehitt\u00e4misyhdistys","description":"REILU RAHOITTAJA PALVELUKSESSASI","publisher":{"@id":"https:\/\/liiveri.net\/#organization"},"potentialAction":[{"@type":"SearchAction","target":{"@type":"EntryPoint","urlTemplate":"https:\/\/liiveri.net\/?s={search_term_string}"},"query-input":"required name=search_term_string"}],"inLanguage":"en-GB"},{"@type":"Organization","@id":"https:\/\/liiveri.net\/#organization","name":"Kehitt\u00e4misyhdistys Liiveri ry","url":"https:\/\/liiveri.net\/","logo":{"@type":"ImageObject","inLanguage":"en-GB","@id":"https:\/\/liiveri.net\/#\/schema\/logo\/image\/","url":"https:\/\/liiveri.net\/wp-content\/uploads\/2023\/02\/placeholder.png","contentUrl":"https:\/\/liiveri.net\/wp-content\/uploads\/2023\/02\/placeholder.png","width":1920,"height":1080,"caption":"Kehitt\u00e4misyhdistys Liiveri ry"},"image":{"@id":"https:\/\/liiveri.net\/#\/schema\/logo\/image\/"},"sameAs":["https:\/\/www.facebook.com\/LeaderLiiveri","https:\/\/x.com\/LeaderLiiveri","https:\/\/www.instagram.com\/leaderliiveri\/"]}]}},"acf":[],"_links":{"self":[{"href":"https:\/\/liiveri.net\/en\/wp-json\/wp\/v2\/juhlatalot\/9452","targetHints":{"allow":["GET"]}}],"collection":[{"href":"https:\/\/liiveri.net\/en\/wp-json\/wp\/v2\/juhlatalot"}],"about":[{"href":"https:\/\/liiveri.net\/en\/wp-json\/wp\/v2\/types\/juhlatalot"}],"author":[{"embeddable":true,"href":"https:\/\/liiveri.net\/en\/wp-json\/wp\/v2\/users\/17"}],"wp:attachment":[{"href":"https:\/\/liiveri.net\/en\/wp-json\/wp\/v2\/media?parent=9452"}],"wp:term":[{"taxonomy":"paikkakunta","embeddable":true,"href":"https:\/\/liiveri.net\/en\/wp-json\/wp\/v2\/paikkakunta?post=9452"},{"taxonomy":"tyyppi","embeddable":true,"href":"https:\/\/liiveri.net\/en\/wp-json\/wp\/v2\/tyyppi?post=9452"}],"curies":[{"name":"wp","href":"https:\/\/api.w.org\/{rel}","templated":true}]}}

Nopankylän kylätalo

<h2>General presentation</h2>
<p>The village house is located <a href="https://liiveri.net/en/kylat/kylaesittelyt/nopankyla/" target="_blank" rel="noopener">Nopankylän</a> in the middle, 17 km from Kurika or Ilmajoki at the Jurvantie intersection. The village hall is a suitable place for small gatherings and parties. In the summer, a kiosk is held at the village hall.</p>
<h2>Space capacity</h2>
<p>Gatherings of less than 50 people.</p>
<h2>Use of the house in summer/winter time</h2>
<p>In use all year round, in the summer time a large terrace and an outbuilding are used.</p>
<h2>Kitchen equipment</h2>
<p>Traditional home kitchen.</p>
<h2>Set</h2>
<p>Coffee tableware 80 pieces and food tableware 150 pieces (to be rented separately).</p>
<h2>Possibility to rent part of the space for smaller use</h2>
<p>One hall.</p>
<h2>Accommodation available</h2>
<p>No accommodation available.</p>
<h2>Other equipment</h2>
<p>Wireless network connection, screen, good parking space behind the outbuilding, disabled toilet and regular toilet, wheelchair ramps, pacemaker.</p>
<h2>Remote working use</h2>
<p>Not available for remote working.</p>
<p>&nbsp;</p>
<p><em>Updated June 15, 2023.</em></p>

<!-- This site is optimized with the Yoast SEO plugin v23.3 - https://yoast.com/wordpress/plugins/seo/ -->
<title>Nopankylän kylätalo - Liiveri</title>
<meta name="description" content="Nopankylän kylätalo tarjoaa mukavat kokous- ja juhlatilat alle 50 hengen kokoontumisiin, kesällä juhlapaikkaa laajentaa iso ulkoterassi." />
<meta name="robots" content="index, follow, max-snippet:-1, max-image-preview:large, max-video-preview:-1" />
<link rel="canonical" href="https://liiveri.net/en/juhlatalot/nopankylan-kylatalo/" />
<meta property="og:locale" content="en_GB" />
<meta property="og:type" content="article" />
<meta property="og:title" content="Nopankylän kylätalo - Liiveri" />
<meta property="og:description" content="Nopankylän kylätalo tarjoaa mukavat kokous- ja juhlatilat alle 50 hengen kokoontumisiin, kesällä juhlapaikkaa laajentaa iso ulkoterassi." />
<meta property="og:url" content="https://liiveri.net/en/juhlatalot/nopankylan-kylatalo/" />
<meta property="og:site_name" content="Liiveri" />
<meta property="article:publisher" content="https://www.facebook.com/LeaderLiiveri" />
<meta property="article:modified_time" content="2023-08-25T09:25:20+00:00" />
<meta property="og:image" content="https://liiveri.net/wp-content/uploads/2023/08/nopankyla.png" />
	<meta property="og:image:width" content="820" />
	<meta property="og:image:height" content="360" />
	<meta property="og:image:type" content="image/png" />
<meta name="twitter:card" content="summary_large_image" />
<meta name="twitter:image" content="https://liiveri.net/wp-content/uploads/2023/08/nopankyla.png" />
<meta name="twitter:site" content="@LeaderLiiveri" />
<meta name="twitter:label1" content="Estimated reading time" />
	<meta name="twitter:data1" content="1 minute" />
<script type="application/ld+json" class="yoast-schema-graph">{"@context":"https://schema.org","@graph":[{"@type":"WebPage","@id":"https://liiveri.net/juhlatalot/nopankylan-kylatalo/","url":"https://liiveri.net/juhlatalot/nopankylan-kylatalo/","name":"Nopankylän kylätalo - Liiveri","isPartOf":{"@id":"https://liiveri.net/#website"},"datePublished":"2023-06-15T06:33:35+00:00","dateModified":"2023-08-25T09:25:20+00:00","description":"Nopankylän kylätalo tarjoaa mukavat kokous- ja juhlatilat alle 50 hengen kokoontumisiin, kesällä juhlapaikkaa laajentaa iso ulkoterassi.","breadcrumb":{"@id":"https://liiveri.net/juhlatalot/nopankylan-kylatalo/#breadcrumb"},"inLanguage":"en-GB","potentialAction":[{"@type":"ReadAction","target":["https://liiveri.net/juhlatalot/nopankylan-kylatalo/"]}]},{"@type":"BreadcrumbList","@id":"https://liiveri.net/juhlatalot/nopankylan-kylatalo/#breadcrumb","itemListElement":[{"@type":"ListItem","position":1,"name":"Etusivu","item":"https://liiveri.net/"},{"@type":"ListItem","position":2,"name":"Nopankylän kylätalo"}]},{"@type":"WebSite","@id":"https://liiveri.net/#website","url":"https://liiveri.net/","name":"Liiveri - Kehittämisyhdistys","description":"REILU RAHOITTAJA PALVELUKSESSASI","publisher":{"@id":"https://liiveri.net/#organization"},"potentialAction":[{"@type":"SearchAction","target":{"@type":"EntryPoint","urlTemplate":"https://liiveri.net/?s={search_term_string}"},"query-input":"required name=search_term_string"}],"inLanguage":"en-GB"},{"@type":"Organization","@id":"https://liiveri.net/#organization","name":"Kehittämisyhdistys Liiveri ry","url":"https://liiveri.net/","logo":{"@type":"ImageObject","inLanguage":"en-GB","@id":"https://liiveri.net/#/schema/logo/image/","url":"https://liiveri.net/wp-content/uploads/2023/02/placeholder.png","contentUrl":"https://liiveri.net/wp-content/uploads/2023/02/placeholder.png","width":1920,"height":1080,"caption":"Kehittämisyhdistys Liiveri ry"},"image":{"@id":"https://liiveri.net/#/schema/logo/image/"},"sameAs":["https://www.facebook.com/LeaderLiiveri","https://x.com/LeaderLiiveri","https://www.instagram.com/leaderliiveri/"]}]}</script>
<!-- / Yoast SEO plugin. -->

Nopankylän kylätalo - Liiveri

Nopankylän kylätalo tarjoaa mukavat kokous- ja juhlatilat alle 50 hengen kokoontumisiin, kesällä juhlapaikkaa laajentaa iso ulkoterassi.

Liiveri - Kehittämisyhdistys

Kehittämisyhdistys Liiveri ry
