{"id":9688,"date":"2023-06-21T15:13:06","date_gmt":"2023-06-21T12:13:06","guid":{"rendered":"https:\/\/liiveri.net\/?post_type=juhlatalot&#038;p=9688"},"modified":"2025-02-27T13:34:27","modified_gmt":"2025-02-27T11:34:27","slug":"itaisen-metsastysseuran-maja","status":"publish","type":"juhlatalot","link":"https:\/\/liiveri.net\/en\/juhlatalot\/itaisen-metsastysseuran-maja\/","title":{"rendered":"It\u00e4isen mets\u00e4stysseuran maja"},"content":{"rendered":"<h2>General presentation<\/h2>\n<p>In the Valli village of Jalasj\u00e4rvi, there is a 100 m2 log house completed in 2007, which was built in place of an old burned down hut. The space is perfect for meetings or small parties.<\/p>\n<h2>Space capacity<\/h2>\n<p>Meetings can accommodate about 50\u201380 people, covered space can hold about 30\u201340 people.<\/p>\n<h2>Use of the house in summer\/winter time<\/h2>\n<p>For year-round use.<\/p>\n<h2>Kitchen equipment<\/h2>\n<p>Traditional home kitchen.<\/p>\n<h2>Set<\/h2>\n<p>No dishes.<\/p>\n<h2>Possibility to rent part of the space for smaller use<\/h2>\n<p>We only rent the entire space.<\/p>\n<h2>Accommodation available<\/h2>\n<p>The loft can accommodate about 5-10 people.<\/p>\n<h2>Other equipment<\/h2>\n<p>Video cannon and screen, internet connection.<\/p>\n<p>&nbsp;<\/p>\n<p><em>Updated on June 21, 2023.<\/em><\/p>","protected":false},"author":17,"featured_media":0,"template":"","meta":{"_acf_changed":false},"paikkakunta":[25],"tyyppi":[40,41,42,43],"class_list":["post-9688","juhlatalot","type-juhlatalot","status-publish","hentry","paikkakunta-jalasjarvi","tyyppi-alle-50-henkea","tyyppi-kokoustila","tyyppi-juhlatila","tyyppi-majoitusmahdollisuus"],"yoast_head":"<!-- This site is optimized with the Yoast SEO plugin v23.3 - https:\/\/yoast.com\/wordpress\/plugins\/seo\/ -->\n<title>It\u00e4isen mets\u00e4stysseuran maja - Liiveri<\/title>\n<meta name=\"description\" content=\"Jalasj\u00e4rvell\u00e4 sijaitseva 2007 valmistunut It\u00e4isen mets\u00e4stysseuran maja tarjoaa mukavat puitteet kokouksille ja juhlille.\" \/>\n<meta name=\"robots\" content=\"index, follow, max-snippet:-1, max-image-preview:large, max-video-preview:-1\" \/>\n<link rel=\"canonical\" href=\"https:\/\/liiveri.net\/en\/juhlatalot\/itaisen-metsastysseuran-maja\/\" \/>\n<meta property=\"og:locale\" content=\"en_GB\" \/>\n<meta property=\"og:type\" content=\"article\" \/>\n<meta property=\"og:title\" content=\"It\u00e4isen mets\u00e4stysseuran maja - Liiveri\" \/>\n<meta property=\"og:description\" content=\"Jalasj\u00e4rvell\u00e4 sijaitseva 2007 valmistunut It\u00e4isen mets\u00e4stysseuran maja tarjoaa mukavat puitteet kokouksille ja juhlille.\" \/>\n<meta property=\"og:url\" content=\"https:\/\/liiveri.net\/en\/juhlatalot\/itaisen-metsastysseuran-maja\/\" \/>\n<meta property=\"og:site_name\" content=\"Liiveri\" \/>\n<meta property=\"article:publisher\" content=\"https:\/\/www.facebook.com\/LeaderLiiveri\" \/>\n<meta property=\"article:modified_time\" content=\"2025-02-27T11:34:27+00:00\" \/>\n<meta property=\"og:image\" content=\"https:\/\/liiveri.net\/wp-content\/uploads\/2023\/08\/itaisen-ms-maja.png\" \/>\n\t<meta property=\"og:image:width\" content=\"820\" \/>\n\t<meta property=\"og:image:height\" content=\"360\" \/>\n\t<meta property=\"og:image:type\" content=\"image\/png\" \/>\n<meta name=\"twitter:card\" content=\"summary_large_image\" \/>\n<meta name=\"twitter:image\" content=\"https:\/\/liiveri.net\/wp-content\/uploads\/2023\/08\/itaisen-ms-maja.png\" \/>\n<meta name=\"twitter:site\" content=\"@LeaderLiiveri\" \/>\n<meta name=\"twitter:label1\" content=\"Estimated reading time\" \/>\n\t<meta name=\"twitter:data1\" content=\"1 minute\" \/>\n<script type=\"application\/ld+json\" class=\"yoast-schema-graph\">{\"@context\":\"https:\/\/schema.org\",\"@graph\":[{\"@type\":\"WebPage\",\"@id\":\"https:\/\/liiveri.net\/juhlatalot\/itaisen-metsastysseuran-maja\/\",\"url\":\"https:\/\/liiveri.net\/juhlatalot\/itaisen-metsastysseuran-maja\/\",\"name\":\"It\u00e4isen mets\u00e4stysseuran maja - Liiveri\",\"isPartOf\":{\"@id\":\"https:\/\/liiveri.net\/#website\"},\"datePublished\":\"2023-06-21T12:13:06+00:00\",\"dateModified\":\"2025-02-27T11:34:27+00:00\",\"description\":\"Jalasj\u00e4rvell\u00e4 sijaitseva 2007 valmistunut It\u00e4isen mets\u00e4stysseuran maja tarjoaa mukavat puitteet kokouksille ja juhlille.\",\"breadcrumb\":{\"@id\":\"https:\/\/liiveri.net\/juhlatalot\/itaisen-metsastysseuran-maja\/#breadcrumb\"},\"inLanguage\":\"en-GB\",\"potentialAction\":[{\"@type\":\"ReadAction\",\"target\":[\"https:\/\/liiveri.net\/juhlatalot\/itaisen-metsastysseuran-maja\/\"]}]},{\"@type\":\"BreadcrumbList\",\"@id\":\"https:\/\/liiveri.net\/juhlatalot\/itaisen-metsastysseuran-maja\/#breadcrumb\",\"itemListElement\":[{\"@type\":\"ListItem\",\"position\":1,\"name\":\"Etusivu\",\"item\":\"https:\/\/liiveri.net\/\"},{\"@type\":\"ListItem\",\"position\":2,\"name\":\"It\u00e4isen mets\u00e4stysseuran maja\"}]},{\"@type\":\"WebSite\",\"@id\":\"https:\/\/liiveri.net\/#website\",\"url\":\"https:\/\/liiveri.net\/\",\"name\":\"Liiveri - Kehitt\u00e4misyhdistys\",\"description\":\"REILU RAHOITTAJA PALVELUKSESSASI\",\"publisher\":{\"@id\":\"https:\/\/liiveri.net\/#organization\"},\"potentialAction\":[{\"@type\":\"SearchAction\",\"target\":{\"@type\":\"EntryPoint\",\"urlTemplate\":\"https:\/\/liiveri.net\/?s={search_term_string}\"},\"query-input\":\"required name=search_term_string\"}],\"inLanguage\":\"en-GB\"},{\"@type\":\"Organization\",\"@id\":\"https:\/\/liiveri.net\/#organization\",\"name\":\"Kehitt\u00e4misyhdistys Liiveri ry\",\"url\":\"https:\/\/liiveri.net\/\",\"logo\":{\"@type\":\"ImageObject\",\"inLanguage\":\"en-GB\",\"@id\":\"https:\/\/liiveri.net\/#\/schema\/logo\/image\/\",\"url\":\"https:\/\/liiveri.net\/wp-content\/uploads\/2023\/02\/placeholder.png\",\"contentUrl\":\"https:\/\/liiveri.net\/wp-content\/uploads\/2023\/02\/placeholder.png\",\"width\":1920,\"height\":1080,\"caption\":\"Kehitt\u00e4misyhdistys Liiveri ry\"},\"image\":{\"@id\":\"https:\/\/liiveri.net\/#\/schema\/logo\/image\/\"},\"sameAs\":[\"https:\/\/www.facebook.com\/LeaderLiiveri\",\"https:\/\/x.com\/LeaderLiiveri\",\"https:\/\/www.instagram.com\/leaderliiveri\/\"]}]}<\/script>\n<!-- \/ Yoast SEO plugin. -->","yoast_head_json":{"title":"It\u00e4isen mets\u00e4stysseuran maja - Liiveri","description":"Jalasj\u00e4rvell\u00e4 sijaitseva 2007 valmistunut It\u00e4isen mets\u00e4stysseuran maja tarjoaa mukavat puitteet kokouksille ja juhlille.","robots":{"index":"index","follow":"follow","max-snippet":"max-snippet:-1","max-image-preview":"max-image-preview:large","max-video-preview":"max-video-preview:-1"},"canonical":"https:\/\/liiveri.net\/en\/juhlatalot\/itaisen-metsastysseuran-maja\/","og_locale":"en_GB","og_type":"article","og_title":"It\u00e4isen mets\u00e4stysseuran maja - Liiveri","og_description":"Jalasj\u00e4rvell\u00e4 sijaitseva 2007 valmistunut It\u00e4isen mets\u00e4stysseuran maja tarjoaa mukavat puitteet kokouksille ja juhlille.","og_url":"https:\/\/liiveri.net\/en\/juhlatalot\/itaisen-metsastysseuran-maja\/","og_site_name":"Liiveri","article_publisher":"https:\/\/www.facebook.com\/LeaderLiiveri","article_modified_time":"2025-02-27T11:34:27+00:00","og_image":[{"width":820,"height":360,"url":"https:\/\/liiveri.net\/wp-content\/uploads\/2023\/08\/itaisen-ms-maja.png","type":"image\/png"}],"twitter_card":"summary_large_image","twitter_image":"https:\/\/liiveri.net\/wp-content\/uploads\/2023\/08\/itaisen-ms-maja.png","twitter_site":"@LeaderLiiveri","twitter_misc":{"Estimated reading time":"1 minute"},"schema":{"@context":"https:\/\/schema.org","@graph":[{"@type":"WebPage","@id":"https:\/\/liiveri.net\/juhlatalot\/itaisen-metsastysseuran-maja\/","url":"https:\/\/liiveri.net\/juhlatalot\/itaisen-metsastysseuran-maja\/","name":"It\u00e4isen mets\u00e4stysseuran maja - Liiveri","isPartOf":{"@id":"https:\/\/liiveri.net\/#website"},"datePublished":"2023-06-21T12:13:06+00:00","dateModified":"2025-02-27T11:34:27+00:00","description":"Jalasj\u00e4rvell\u00e4 sijaitseva 2007 valmistunut It\u00e4isen mets\u00e4stysseuran maja tarjoaa mukavat puitteet kokouksille ja juhlille.","breadcrumb":{"@id":"https:\/\/liiveri.net\/juhlatalot\/itaisen-metsastysseuran-maja\/#breadcrumb"},"inLanguage":"en-GB","potentialAction":[{"@type":"ReadAction","target":["https:\/\/liiveri.net\/juhlatalot\/itaisen-metsastysseuran-maja\/"]}]},{"@type":"BreadcrumbList","@id":"https:\/\/liiveri.net\/juhlatalot\/itaisen-metsastysseuran-maja\/#breadcrumb","itemListElement":[{"@type":"ListItem","position":1,"name":"Etusivu","item":"https:\/\/liiveri.net\/"},{"@type":"ListItem","position":2,"name":"It\u00e4isen mets\u00e4stysseuran maja"}]},{"@type":"WebSite","@id":"https:\/\/liiveri.net\/#website","url":"https:\/\/liiveri.net\/","name":"Liiveri - Kehitt\u00e4misyhdistys","description":"REILU RAHOITTAJA PALVELUKSESSASI","publisher":{"@id":"https:\/\/liiveri.net\/#organization"},"potentialAction":[{"@type":"SearchAction","target":{"@type":"EntryPoint","urlTemplate":"https:\/\/liiveri.net\/?s={search_term_string}"},"query-input":"required name=search_term_string"}],"inLanguage":"en-GB"},{"@type":"Organization","@id":"https:\/\/liiveri.net\/#organization","name":"Kehitt\u00e4misyhdistys Liiveri ry","url":"https:\/\/liiveri.net\/","logo":{"@type":"ImageObject","inLanguage":"en-GB","@id":"https:\/\/liiveri.net\/#\/schema\/logo\/image\/","url":"https:\/\/liiveri.net\/wp-content\/uploads\/2023\/02\/placeholder.png","contentUrl":"https:\/\/liiveri.net\/wp-content\/uploads\/2023\/02\/placeholder.png","width":1920,"height":1080,"caption":"Kehitt\u00e4misyhdistys Liiveri ry"},"image":{"@id":"https:\/\/liiveri.net\/#\/schema\/logo\/image\/"},"sameAs":["https:\/\/www.facebook.com\/LeaderLiiveri","https:\/\/x.com\/LeaderLiiveri","https:\/\/www.instagram.com\/leaderliiveri\/"]}]}},"acf":[],"_links":{"self":[{"href":"https:\/\/liiveri.net\/en\/wp-json\/wp\/v2\/juhlatalot\/9688","targetHints":{"allow":["GET"]}}],"collection":[{"href":"https:\/\/liiveri.net\/en\/wp-json\/wp\/v2\/juhlatalot"}],"about":[{"href":"https:\/\/liiveri.net\/en\/wp-json\/wp\/v2\/types\/juhlatalot"}],"author":[{"embeddable":true,"href":"https:\/\/liiveri.net\/en\/wp-json\/wp\/v2\/users\/17"}],"wp:attachment":[{"href":"https:\/\/liiveri.net\/en\/wp-json\/wp\/v2\/media?parent=9688"}],"wp:term":[{"taxonomy":"paikkakunta","embeddable":true,"href":"https:\/\/liiveri.net\/en\/wp-json\/wp\/v2\/paikkakunta?post=9688"},{"taxonomy":"tyyppi","embeddable":true,"href":"https:\/\/liiveri.net\/en\/wp-json\/wp\/v2\/tyyppi?post=9688"}],"curies":[{"name":"wp","href":"https:\/\/api.w.org\/{rel}","templated":true}]}}

Itäisen metsästysseuran maja

<h2>General presentation</h2>
<p>In the Valli village of Jalasjärvi, there is a 100 m2 log house completed in 2007, which was built in place of an old burned down hut. The space is perfect for meetings or small parties.</p>
<h2>Space capacity</h2>
<p>Meetings can accommodate about 50–80 people, covered space can hold about 30–40 people.</p>
<h2>Use of the house in summer/winter time</h2>
<p>For year-round use.</p>
<h2>Kitchen equipment</h2>
<p>Traditional home kitchen.</p>
<h2>Set</h2>
<p>No dishes.</p>
<h2>Possibility to rent part of the space for smaller use</h2>
<p>We only rent the entire space.</p>
<h2>Accommodation available</h2>
<p>The loft can accommodate about 5-10 people.</p>
<h2>Other equipment</h2>
<p>Video cannon and screen, internet connection.</p>
<p>&nbsp;</p>
<p><em>Updated on June 21, 2023.</em></p>

<!-- This site is optimized with the Yoast SEO plugin v23.3 - https://yoast.com/wordpress/plugins/seo/ -->
<title>Itäisen metsästysseuran maja - Liiveri</title>
<meta name="description" content="Jalasjärvellä sijaitseva 2007 valmistunut Itäisen metsästysseuran maja tarjoaa mukavat puitteet kokouksille ja juhlille." />
<meta name="robots" content="index, follow, max-snippet:-1, max-image-preview:large, max-video-preview:-1" />
<link rel="canonical" href="https://liiveri.net/en/juhlatalot/itaisen-metsastysseuran-maja/" />
<meta property="og:locale" content="en_GB" />
<meta property="og:type" content="article" />
<meta property="og:title" content="Itäisen metsästysseuran maja - Liiveri" />
<meta property="og:description" content="Jalasjärvellä sijaitseva 2007 valmistunut Itäisen metsästysseuran maja tarjoaa mukavat puitteet kokouksille ja juhlille." />
<meta property="og:url" content="https://liiveri.net/en/juhlatalot/itaisen-metsastysseuran-maja/" />
<meta property="og:site_name" content="Liiveri" />
<meta property="article:publisher" content="https://www.facebook.com/LeaderLiiveri" />
<meta property="article:modified_time" content="2025-02-27T11:34:27+00:00" />
<meta property="og:image" content="https://liiveri.net/wp-content/uploads/2023/08/itaisen-ms-maja.png" />
	<meta property="og:image:width" content="820" />
	<meta property="og:image:height" content="360" />
	<meta property="og:image:type" content="image/png" />
<meta name="twitter:card" content="summary_large_image" />
<meta name="twitter:image" content="https://liiveri.net/wp-content/uploads/2023/08/itaisen-ms-maja.png" />
<meta name="twitter:site" content="@LeaderLiiveri" />
<meta name="twitter:label1" content="Estimated reading time" />
	<meta name="twitter:data1" content="1 minute" />
<script type="application/ld+json" class="yoast-schema-graph">{"@context":"https://schema.org","@graph":[{"@type":"WebPage","@id":"https://liiveri.net/juhlatalot/itaisen-metsastysseuran-maja/","url":"https://liiveri.net/juhlatalot/itaisen-metsastysseuran-maja/","name":"Itäisen metsästysseuran maja - Liiveri","isPartOf":{"@id":"https://liiveri.net/#website"},"datePublished":"2023-06-21T12:13:06+00:00","dateModified":"2025-02-27T11:34:27+00:00","description":"Jalasjärvellä sijaitseva 2007 valmistunut Itäisen metsästysseuran maja tarjoaa mukavat puitteet kokouksille ja juhlille.","breadcrumb":{"@id":"https://liiveri.net/juhlatalot/itaisen-metsastysseuran-maja/#breadcrumb"},"inLanguage":"en-GB","potentialAction":[{"@type":"ReadAction","target":["https://liiveri.net/juhlatalot/itaisen-metsastysseuran-maja/"]}]},{"@type":"BreadcrumbList","@id":"https://liiveri.net/juhlatalot/itaisen-metsastysseuran-maja/#breadcrumb","itemListElement":[{"@type":"ListItem","position":1,"name":"Etusivu","item":"https://liiveri.net/"},{"@type":"ListItem","position":2,"name":"Itäisen metsästysseuran maja"}]},{"@type":"WebSite","@id":"https://liiveri.net/#website","url":"https://liiveri.net/","name":"Liiveri - Kehittämisyhdistys","description":"REILU RAHOITTAJA PALVELUKSESSASI","publisher":{"@id":"https://liiveri.net/#organization"},"potentialAction":[{"@type":"SearchAction","target":{"@type":"EntryPoint","urlTemplate":"https://liiveri.net/?s={search_term_string}"},"query-input":"required name=search_term_string"}],"inLanguage":"en-GB"},{"@type":"Organization","@id":"https://liiveri.net/#organization","name":"Kehittämisyhdistys Liiveri ry","url":"https://liiveri.net/","logo":{"@type":"ImageObject","inLanguage":"en-GB","@id":"https://liiveri.net/#/schema/logo/image/","url":"https://liiveri.net/wp-content/uploads/2023/02/placeholder.png","contentUrl":"https://liiveri.net/wp-content/uploads/2023/02/placeholder.png","width":1920,"height":1080,"caption":"Kehittämisyhdistys Liiveri ry"},"image":{"@id":"https://liiveri.net/#/schema/logo/image/"},"sameAs":["https://www.facebook.com/LeaderLiiveri","https://x.com/LeaderLiiveri","https://www.instagram.com/leaderliiveri/"]}]}</script>
<!-- / Yoast SEO plugin. -->

Itäisen metsästysseuran maja - Liiveri

Jalasjärvellä sijaitseva 2007 valmistunut Itäisen metsästysseuran maja tarjoaa mukavat puitteet kokouksille ja juhlille.

Liiveri - Kehittämisyhdistys

Kehittämisyhdistys Liiveri ry
