{"id":8281,"date":"2023-05-12T14:03:10","date_gmt":"2023-05-12T11:03:10","guid":{"rendered":"https:\/\/liiveri.net\/?post_type=nuorisohankkeet&#038;p=8281"},"modified":"2023-05-12T14:03:10","modified_gmt":"2023-05-12T11:03:10","slug":"maaseudun-miehet-isalta-pojalle","status":"publish","type":"nuorisohankkeet","link":"https:\/\/liiveri.net\/en\/uutiset\/nuorisohankkeet\/maaseudun-miehet-isalta-pojalle\/","title":{"rendered":"Rural men \u2013 from father to son"},"content":{"rendered":"<p>The project was to make a wall calendar for the year 2018. The pictures in the calendar were taken of the men of my own village in many different generations. In this way, 100-year-old Finland and the valuable work of our fathers were respected. Two young people from our village worked as photographers. We tried to take as many pictures as possible from the area of our three villages. In addition, the pictures wanted to bring out the different livelihoods and jobs in the countryside on a large scale. Nuoriso-Leader money was used to help cover the costs of creating the calendar, and the rest of the costs were paid by the youth division itself.<\/p>","protected":false},"featured_media":0,"template":"","paikkakunta":[16],"vuosi":[26],"hanketyyppi":[22],"class_list":["post-8281","nuorisohankkeet","type-nuorisohankkeet","status-publish","hentry","paikkakunta-ilmajoki","vuosi-26","hanketyyppi-nuorten-porukat"],"yoast_head":"<!-- This site is optimized with the Yoast SEO plugin v23.3 - https:\/\/yoast.com\/wordpress\/plugins\/seo\/ -->\n<title>Maaseudun miehet - is\u00e4lt\u00e4 pojalle - Liiveri<\/title>\n<meta name=\"robots\" content=\"index, follow, max-snippet:-1, max-image-preview:large, max-video-preview:-1\" \/>\n<link rel=\"canonical\" href=\"https:\/\/liiveri.net\/en\/uutiset\/nuorisohankkeet\/maaseudun-miehet-isalta-pojalle\/\" \/>\n<meta property=\"og:locale\" content=\"en_GB\" \/>\n<meta property=\"og:type\" content=\"article\" \/>\n<meta property=\"og:title\" content=\"Maaseudun miehet - is\u00e4lt\u00e4 pojalle - Liiveri\" \/>\n<meta property=\"og:description\" content=\"Projektina oli toteuttaa sein\u00e4kalenteri vuodelle 2018. Kuvat kalenteriin otettiin oman kyl\u00e4n miehist\u00e4 monessa eri sukupolvessa. T\u00e4ll\u00e4 tavoin kunnioitettiin 100-vuotiasta Suomea ja isiemme arvokasta ty\u00f6t\u00e4. Valokuvaajina toimi kaksi oman kyl\u00e4n nuorta. Kuvat pyrittiin ottamaan mahdollisimman monipuolisesti kolmen kyl\u00e4mme alueelta. Lis\u00e4ksi kuvissa halutiin tuoda esille laaja-alaisesti maaseudun eri elinkeinot ja ty\u00f6t. Nuoriso-Leader-rahalla avustettiin kalenterin teosta koituvia kustannuksia [&hellip;]\" \/>\n<meta property=\"og:url\" content=\"https:\/\/liiveri.net\/en\/uutiset\/nuorisohankkeet\/maaseudun-miehet-isalta-pojalle\/\" \/>\n<meta property=\"og:site_name\" content=\"Liiveri\" \/>\n<meta property=\"article:publisher\" content=\"https:\/\/www.facebook.com\/LeaderLiiveri\" \/>\n<meta property=\"og:image\" content=\"https:\/\/liiveri.net\/wp-content\/uploads\/2023\/02\/placeholder.png\" \/>\n\t<meta property=\"og:image:width\" content=\"1920\" \/>\n\t<meta property=\"og:image:height\" content=\"1080\" \/>\n\t<meta property=\"og:image:type\" content=\"image\/png\" \/>\n<meta name=\"twitter:card\" content=\"summary_large_image\" \/>\n<meta name=\"twitter:site\" content=\"@LeaderLiiveri\" \/>\n<meta name=\"twitter:label1\" content=\"Estimated reading time\" \/>\n\t<meta name=\"twitter:data1\" content=\"1 minute\" \/>\n<script type=\"application\/ld+json\" class=\"yoast-schema-graph\">{\"@context\":\"https:\/\/schema.org\",\"@graph\":[{\"@type\":\"WebPage\",\"@id\":\"https:\/\/liiveri.net\/uutiset\/nuorisohankkeet\/maaseudun-miehet-isalta-pojalle\/\",\"url\":\"https:\/\/liiveri.net\/uutiset\/nuorisohankkeet\/maaseudun-miehet-isalta-pojalle\/\",\"name\":\"Maaseudun miehet - is\u00e4lt\u00e4 pojalle - Liiveri\",\"isPartOf\":{\"@id\":\"https:\/\/liiveri.net\/#website\"},\"datePublished\":\"2023-05-12T11:03:10+00:00\",\"dateModified\":\"2023-05-12T11:03:10+00:00\",\"breadcrumb\":{\"@id\":\"https:\/\/liiveri.net\/uutiset\/nuorisohankkeet\/maaseudun-miehet-isalta-pojalle\/#breadcrumb\"},\"inLanguage\":\"en-GB\",\"potentialAction\":[{\"@type\":\"ReadAction\",\"target\":[\"https:\/\/liiveri.net\/uutiset\/nuorisohankkeet\/maaseudun-miehet-isalta-pojalle\/\"]}]},{\"@type\":\"BreadcrumbList\",\"@id\":\"https:\/\/liiveri.net\/uutiset\/nuorisohankkeet\/maaseudun-miehet-isalta-pojalle\/#breadcrumb\",\"itemListElement\":[{\"@type\":\"ListItem\",\"position\":1,\"name\":\"Etusivu\",\"item\":\"https:\/\/liiveri.net\/\"},{\"@type\":\"ListItem\",\"position\":2,\"name\":\"Maaseudun miehet &#8211; is\u00e4lt\u00e4 pojalle\"}]},{\"@type\":\"WebSite\",\"@id\":\"https:\/\/liiveri.net\/#website\",\"url\":\"https:\/\/liiveri.net\/\",\"name\":\"Liiveri - Kehitt\u00e4misyhdistys\",\"description\":\"REILU RAHOITTAJA PALVELUKSESSASI\",\"publisher\":{\"@id\":\"https:\/\/liiveri.net\/#organization\"},\"potentialAction\":[{\"@type\":\"SearchAction\",\"target\":{\"@type\":\"EntryPoint\",\"urlTemplate\":\"https:\/\/liiveri.net\/?s={search_term_string}\"},\"query-input\":\"required name=search_term_string\"}],\"inLanguage\":\"en-GB\"},{\"@type\":\"Organization\",\"@id\":\"https:\/\/liiveri.net\/#organization\",\"name\":\"Kehitt\u00e4misyhdistys Liiveri ry\",\"url\":\"https:\/\/liiveri.net\/\",\"logo\":{\"@type\":\"ImageObject\",\"inLanguage\":\"en-GB\",\"@id\":\"https:\/\/liiveri.net\/#\/schema\/logo\/image\/\",\"url\":\"https:\/\/liiveri.net\/wp-content\/uploads\/2023\/02\/placeholder.png\",\"contentUrl\":\"https:\/\/liiveri.net\/wp-content\/uploads\/2023\/02\/placeholder.png\",\"width\":1920,\"height\":1080,\"caption\":\"Kehitt\u00e4misyhdistys Liiveri ry\"},\"image\":{\"@id\":\"https:\/\/liiveri.net\/#\/schema\/logo\/image\/\"},\"sameAs\":[\"https:\/\/www.facebook.com\/LeaderLiiveri\",\"https:\/\/x.com\/LeaderLiiveri\",\"https:\/\/www.instagram.com\/leaderliiveri\/\"]}]}<\/script>\n<!-- \/ Yoast SEO plugin. -->","yoast_head_json":{"title":"Maaseudun miehet - is\u00e4lt\u00e4 pojalle - Liiveri","robots":{"index":"index","follow":"follow","max-snippet":"max-snippet:-1","max-image-preview":"max-image-preview:large","max-video-preview":"max-video-preview:-1"},"canonical":"https:\/\/liiveri.net\/en\/uutiset\/nuorisohankkeet\/maaseudun-miehet-isalta-pojalle\/","og_locale":"en_GB","og_type":"article","og_title":"Maaseudun miehet - is\u00e4lt\u00e4 pojalle - Liiveri","og_description":"Projektina oli toteuttaa sein\u00e4kalenteri vuodelle 2018. Kuvat kalenteriin otettiin oman kyl\u00e4n miehist\u00e4 monessa eri sukupolvessa. T\u00e4ll\u00e4 tavoin kunnioitettiin 100-vuotiasta Suomea ja isiemme arvokasta ty\u00f6t\u00e4. Valokuvaajina toimi kaksi oman kyl\u00e4n nuorta. Kuvat pyrittiin ottamaan mahdollisimman monipuolisesti kolmen kyl\u00e4mme alueelta. Lis\u00e4ksi kuvissa halutiin tuoda esille laaja-alaisesti maaseudun eri elinkeinot ja ty\u00f6t. Nuoriso-Leader-rahalla avustettiin kalenterin teosta koituvia kustannuksia [&hellip;]","og_url":"https:\/\/liiveri.net\/en\/uutiset\/nuorisohankkeet\/maaseudun-miehet-isalta-pojalle\/","og_site_name":"Liiveri","article_publisher":"https:\/\/www.facebook.com\/LeaderLiiveri","og_image":[{"width":1920,"height":1080,"url":"https:\/\/liiveri.net\/wp-content\/uploads\/2023\/02\/placeholder.png","type":"image\/png"}],"twitter_card":"summary_large_image","twitter_site":"@LeaderLiiveri","twitter_misc":{"Estimated reading time":"1 minute"},"schema":{"@context":"https:\/\/schema.org","@graph":[{"@type":"WebPage","@id":"https:\/\/liiveri.net\/uutiset\/nuorisohankkeet\/maaseudun-miehet-isalta-pojalle\/","url":"https:\/\/liiveri.net\/uutiset\/nuorisohankkeet\/maaseudun-miehet-isalta-pojalle\/","name":"Maaseudun miehet - is\u00e4lt\u00e4 pojalle - Liiveri","isPartOf":{"@id":"https:\/\/liiveri.net\/#website"},"datePublished":"2023-05-12T11:03:10+00:00","dateModified":"2023-05-12T11:03:10+00:00","breadcrumb":{"@id":"https:\/\/liiveri.net\/uutiset\/nuorisohankkeet\/maaseudun-miehet-isalta-pojalle\/#breadcrumb"},"inLanguage":"en-GB","potentialAction":[{"@type":"ReadAction","target":["https:\/\/liiveri.net\/uutiset\/nuorisohankkeet\/maaseudun-miehet-isalta-pojalle\/"]}]},{"@type":"BreadcrumbList","@id":"https:\/\/liiveri.net\/uutiset\/nuorisohankkeet\/maaseudun-miehet-isalta-pojalle\/#breadcrumb","itemListElement":[{"@type":"ListItem","position":1,"name":"Etusivu","item":"https:\/\/liiveri.net\/"},{"@type":"ListItem","position":2,"name":"Maaseudun miehet &#8211; is\u00e4lt\u00e4 pojalle"}]},{"@type":"WebSite","@id":"https:\/\/liiveri.net\/#website","url":"https:\/\/liiveri.net\/","name":"Liiveri - Kehitt\u00e4misyhdistys","description":"REILU RAHOITTAJA PALVELUKSESSASI","publisher":{"@id":"https:\/\/liiveri.net\/#organization"},"potentialAction":[{"@type":"SearchAction","target":{"@type":"EntryPoint","urlTemplate":"https:\/\/liiveri.net\/?s={search_term_string}"},"query-input":"required name=search_term_string"}],"inLanguage":"en-GB"},{"@type":"Organization","@id":"https:\/\/liiveri.net\/#organization","name":"Kehitt\u00e4misyhdistys Liiveri ry","url":"https:\/\/liiveri.net\/","logo":{"@type":"ImageObject","inLanguage":"en-GB","@id":"https:\/\/liiveri.net\/#\/schema\/logo\/image\/","url":"https:\/\/liiveri.net\/wp-content\/uploads\/2023\/02\/placeholder.png","contentUrl":"https:\/\/liiveri.net\/wp-content\/uploads\/2023\/02\/placeholder.png","width":1920,"height":1080,"caption":"Kehitt\u00e4misyhdistys Liiveri ry"},"image":{"@id":"https:\/\/liiveri.net\/#\/schema\/logo\/image\/"},"sameAs":["https:\/\/www.facebook.com\/LeaderLiiveri","https:\/\/x.com\/LeaderLiiveri","https:\/\/www.instagram.com\/leaderliiveri\/"]}]}},"acf":[],"_links":{"self":[{"href":"https:\/\/liiveri.net\/en\/wp-json\/wp\/v2\/nuorisohankkeet\/8281","targetHints":{"allow":["GET"]}}],"collection":[{"href":"https:\/\/liiveri.net\/en\/wp-json\/wp\/v2\/nuorisohankkeet"}],"about":[{"href":"https:\/\/liiveri.net\/en\/wp-json\/wp\/v2\/types\/nuorisohankkeet"}],"wp:attachment":[{"href":"https:\/\/liiveri.net\/en\/wp-json\/wp\/v2\/media?parent=8281"}],"wp:term":[{"taxonomy":"paikkakunta","embeddable":true,"href":"https:\/\/liiveri.net\/en\/wp-json\/wp\/v2\/paikkakunta?post=8281"},{"taxonomy":"vuosi","embeddable":true,"href":"https:\/\/liiveri.net\/en\/wp-json\/wp\/v2\/vuosi?post=8281"},{"taxonomy":"hanketyyppi","embeddable":true,"href":"https:\/\/liiveri.net\/en\/wp-json\/wp\/v2\/hanketyyppi?post=8281"}],"curies":[{"name":"wp","href":"https:\/\/api.w.org\/{rel}","templated":true}]}}

<!-- This site is optimized with the Yoast SEO plugin v23.3 - https://yoast.com/wordpress/plugins/seo/ -->
<title>Maaseudun miehet - isältä pojalle - Liiveri</title>
<meta name="robots" content="index, follow, max-snippet:-1, max-image-preview:large, max-video-preview:-1" />
<link rel="canonical" href="https://liiveri.net/en/uutiset/nuorisohankkeet/maaseudun-miehet-isalta-pojalle/" />
<meta property="og:locale" content="en_GB" />
<meta property="og:type" content="article" />
<meta property="og:title" content="Maaseudun miehet - isältä pojalle - Liiveri" />
<meta property="og:description" content="Projektina oli toteuttaa seinäkalenteri vuodelle 2018. Kuvat kalenteriin otettiin oman kylän miehistä monessa eri sukupolvessa. Tällä tavoin kunnioitettiin 100-vuotiasta Suomea ja isiemme arvokasta työtä. Valokuvaajina toimi kaksi oman kylän nuorta. Kuvat pyrittiin ottamaan mahdollisimman monipuolisesti kolmen kylämme alueelta. Lisäksi kuvissa halutiin tuoda esille laaja-alaisesti maaseudun eri elinkeinot ja työt. Nuoriso-Leader-rahalla avustettiin kalenterin teosta koituvia kustannuksia [&hellip;]" />
<meta property="og:url" content="https://liiveri.net/en/uutiset/nuorisohankkeet/maaseudun-miehet-isalta-pojalle/" />
<meta property="og:site_name" content="Liiveri" />
<meta property="article:publisher" content="https://www.facebook.com/LeaderLiiveri" />
<meta property="og:image" content="https://liiveri.net/wp-content/uploads/2023/02/placeholder.png" />
	<meta property="og:image:width" content="1920" />
	<meta property="og:image:height" content="1080" />
	<meta property="og:image:type" content="image/png" />
<meta name="twitter:card" content="summary_large_image" />
<meta name="twitter:site" content="@LeaderLiiveri" />
<meta name="twitter:label1" content="Estimated reading time" />
	<meta name="twitter:data1" content="1 minute" />
<script type="application/ld+json" class="yoast-schema-graph">{"@context":"https://schema.org","@graph":[{"@type":"WebPage","@id":"https://liiveri.net/uutiset/nuorisohankkeet/maaseudun-miehet-isalta-pojalle/","url":"https://liiveri.net/uutiset/nuorisohankkeet/maaseudun-miehet-isalta-pojalle/","name":"Maaseudun miehet - isältä pojalle - Liiveri","isPartOf":{"@id":"https://liiveri.net/#website"},"datePublished":"2023-05-12T11:03:10+00:00","dateModified":"2023-05-12T11:03:10+00:00","breadcrumb":{"@id":"https://liiveri.net/uutiset/nuorisohankkeet/maaseudun-miehet-isalta-pojalle/#breadcrumb"},"inLanguage":"en-GB","potentialAction":[{"@type":"ReadAction","target":["https://liiveri.net/uutiset/nuorisohankkeet/maaseudun-miehet-isalta-pojalle/"]}]},{"@type":"BreadcrumbList","@id":"https://liiveri.net/uutiset/nuorisohankkeet/maaseudun-miehet-isalta-pojalle/#breadcrumb","itemListElement":[{"@type":"ListItem","position":1,"name":"Etusivu","item":"https://liiveri.net/"},{"@type":"ListItem","position":2,"name":"Maaseudun miehet &#8211; isältä pojalle"}]},{"@type":"WebSite","@id":"https://liiveri.net/#website","url":"https://liiveri.net/","name":"Liiveri - Kehittämisyhdistys","description":"REILU RAHOITTAJA PALVELUKSESSASI","publisher":{"@id":"https://liiveri.net/#organization"},"potentialAction":[{"@type":"SearchAction","target":{"@type":"EntryPoint","urlTemplate":"https://liiveri.net/?s={search_term_string}"},"query-input":"required name=search_term_string"}],"inLanguage":"en-GB"},{"@type":"Organization","@id":"https://liiveri.net/#organization","name":"Kehittämisyhdistys Liiveri ry","url":"https://liiveri.net/","logo":{"@type":"ImageObject","inLanguage":"en-GB","@id":"https://liiveri.net/#/schema/logo/image/","url":"https://liiveri.net/wp-content/uploads/2023/02/placeholder.png","contentUrl":"https://liiveri.net/wp-content/uploads/2023/02/placeholder.png","width":1920,"height":1080,"caption":"Kehittämisyhdistys Liiveri ry"},"image":{"@id":"https://liiveri.net/#/schema/logo/image/"},"sameAs":["https://www.facebook.com/LeaderLiiveri","https://x.com/LeaderLiiveri","https://www.instagram.com/leaderliiveri/"]}]}</script>
<!-- / Yoast SEO plugin. -->

Maaseudun miehet - isältä pojalle - Liiveri

Projektina oli toteuttaa seinäkalenteri vuodelle 2018. Kuvat kalenteriin otettiin oman kylän miehistä monessa eri sukupolvessa. Tällä tavoin kunnioitettiin 100-vuotiasta Suomea ja isiemme arvokasta työtä. Valokuvaajina toimi kaksi oman kylän nuorta. Kuvat pyrittiin ottamaan mahdollisimman monipuolisesti kolmen kylämme alueelta. Lisäksi kuvissa halutiin tuoda esille laaja-alaisesti maaseudun eri elinkeinot ja työt. Nuoriso-Leader-rahalla avustettiin kalenterin teosta koituvia kustannuksia [&hellip;]

Maaseudun miehet &#8211; isältä pojalle

Liiveri - Kehittämisyhdistys

Kehittämisyhdistys Liiveri ry
